ulate q(-3).
-10
Let z(o) = 2*o**3 - 36*o**2 + 38*o + 1050. Determine z(14).
14
Let k(n) = 2331*n**2 - 25645*n + 40. What is k(11)?
-4
Let r(o) = 208*o - 49316. What is r(237)?
-20
Let u(n) = n**3 - 242*n**2 - 471*n - 4181. What is u(244)?
-33
Let a(i) = 2*i**3 - 5*i**2 - 149*i - 2. Calculate a(0).
-2
Let w(n) = -2*n**3 + 703*n**2 + 996*n - 226705. Calculate w(352).
-17
Let v(i) = -1454*i - 14101. Give v(-10).
439
Let k(a) = -4*a**3 - 11*a**2 - 9*a - 10. What is k(-6)?
512
Let q(p) = -104*p - 17639. Calculate q(-172).
249
Let n(a) = a**3 + 68*a**2 - 25*a - 1721. Calculate n(-68).
-21
Let i(q) = -q**2 - 15*q + 1853. What is i(-52)?
-71
Let k(t) = -1934*t - 27089. Determine k(-14).
-13
Let m(g) = -4*g**2 + 46*g + 2230. What is m(30)?
10
Let u(b) = -117*b**3 + 107*b**2 + 134*b + 26. Determine u(-1).
116
Let c(b) = b**2 - 118*b + 2408. Determine c(48).
-952
Let d(x) = 2*x**2 + 850*x - 2572. Give d(3).
-4
Let u(f) = -f**3 + 122*f**2 - 146*f + 3061. Determine u(121).
36
Let q(i) = -391*i - 1297. What is q(5)?
-3252
Let d(j) = 42*j**2 + 428*j - 382. Give d(-11).
-8
Let k(p) = -233*p - 9893. What is k(-42)?
-107
Let h(v) = 52691*v - 13067377. Determine h(248).
-9
Let b(f) = 2908*f - 28844. Calculate b(10).
236
Let a(f) = -2*f**2 + 543*f - 33496. Calculate a(95).
39
Let t(b) = -15*b**2 + 806*b + 4735. Give t(59).
74
Let d(b) = -9*b**2 + 102*b - 215. Give d(15).
-710
Let z(h) = -2*h**3 + 75*h**2 - 2796*h + 102078. Give z(37).
-5
Let p(r) = -12*r**3 - 622*r**2 - 495*r + 722. Give p(-51).
-43
Let c(d) = -538*d + 2865. Calculate c(6).
-363
Let d(a) = 95014*a + 33349905. Give d(-351).
-9
Let k(o) = o**2 - 1452*o - 87591. Determine k(-58).
-11
Let k(j) = -91*j**2 + 24265*j + 8537. Calculate k(267).
-7
Let h(m) = 2*m**3 + 37*m**2 + 37*m - 11. Determine h(-15).
1009
Let g(y) = 256*y**2 - 369*y + 779. What is g(2)?
1065
Let q(j) = -j**2 - 69119*j - 414701. Determine q(-6).
-23
Let c(x) = 8564*x + 342200. Give c(-40).
-360
Let u(t) = 10*t**3 + 520*t**2 - 29*t - 1502. What is u(-52)?
6
Let c(j) = -3*j**3 + 83*j**2 + 104*j - 3351. What is c(28)?
-1223
Let h(z) = 1116*z + 55141. Give h(-50).
-659
Let h(m) = 2*m**3 - 1148*m**2 + 1114*m + 18270. Give h(573).
-66
Let t(h) = 3*h**3 - 126*h**2 - 4749*h - 245. Determine t(66).
-47
Let p(c) = 72*c**3 - 428*c**2 - 14*c - 19. Calculate p(6).
41
Let j(w) = 9058*w - 5697512. Determine j(629).
-30
Let x(g) = -9*g**3 - 45*g**2 + 10129*g + 50678. Give x(-5).
33
Let n(l) = 735431*l + 5883456. Determine n(-8).
8
Let g(j) = -1358*j - 126355. Calculate g(-92).
-1419
Let i(u) = 20*u**3 + 132*u**2 - 3*u - 136. Calculate i(-6).
314
Let n(r) = -r**3 + 116*r**2 + 45*r - 5623. Give n(116).
-403
Let f(v) = -3640*v - 14585. Give f(-4).
-25
Let v(p) = 2383*p + 58678. Calculate v(-25).
-897
Let s(a) = -6*a**2 - 1008*a + 841. Calculate s(-169).
-173
Let g(x) = -62236*x + 4356501. Determine g(70).
-19
Let n(z) = -51*z**2 - 1027*z + 1029. What is n(1)?
-49
Let n(k) = 24*k**2 + 7772*k - 140490. What is n(-341)?
2
Let d(u) = 691395*u - 18667658. Give d(27).
7
Let n(i) = -124*i**2 - 5082*i + 76. Determine n(-41).
-6
Let n(s) = -3*s**2 + 5953*s - 53475. What is n(9)?
-141
Let c(s) = 14585*s - 72895. Give c(5).
30
Let o(x) = 4*x**3 + 2004*x**2 + 11876*x - 1982. Calculate o(-495).
-2
Let j(k) = -6*k**3 - 397*k**2 + 412*k + 5153. Determine j(-67).
-6
Let h(m) = -79*m**2 - 250*m + 1006. Determine h(4).
-1258
Let h(u) = -796*u + 284151. Determine h(357).
-21
Let v(d) = 157*d**2 + 1599*d - 32. Calculate v(-10).
-322
Let g(w) = 3749*w + 22676. Calculate g(-6).
182
Let u(w) = 12*w**2 - 702*w - 1077. Determine u(60).
3
Let i(w) = 235*w + 272. Give i(7).
1917
Let k(o) = -o**3 - 42*o**2 + 10*o - 800. Give k(-43).
619
Let g(x) = -121*x**2 + 423*x + 833. Determine g(-2).
-497
Let c(i) = 2*i**2 + 3389*i + 30324. What is c(-9)?
-15
Let s(c) = -2685*c - 789378. What is s(-294)?
12
Let f(d) = -10637*d + 627601. Give f(59).
18
Let l(w) = 11*w**2 - 465*w + 4353. What is l(29)?
119
Let o(c) = 78*c - 5692. Calculate o(62).
-856
Let s(w) = 10240*w - 3563514. What is s(348)?
6
Let n(m) = -528*m - 60832. Give n(-115).
-112
Let f(u) = -442*u - 105027. Give f(-236).
-715
Let n(c) = -737*c + 537548. Calculate n(729).
275
Let y(a) = -1466167*a - 7330810. Calculate y(-5).
25
Let k(c) = 31*c**2 + 2473*c + 12426. Give k(-5).
836
Let v(i) = -2*i**3 - 38*i**2 + 1731*i + 26218. Calculate v(-14).
24
Let x(q) = 46723*q - 233604. What is x(5)?
11
Let i(r) = r**3 + 40*r**2 + 462*r - 149. What is i(-16)?
-1397
Let o(v) = v**3 - 121*v**2 + 376*v - 2302. Give o(118).
294
Let l(q) = -10*q**3 + 34*q**2 + 559*q - 18. Calculate l(9).
477
Let v(b) = b**2 - 783*b - 798339. Calculate v(-584).
-11
Let q(p) = 27*p**2 - 237*p + 1420. What is q(6)?
970
Let t(z) = -852*z - 37528. Calculate t(-44).
-40
Let s(z) = -288*z + 45169. Calculate s(157).
-47
Let b(g) = -4*g**3 - 5*g**2 + 24*g - 37. What is b(5)?
-542
Let w(n) = -22*n**2 - 4755*n + 37954. Determine w(8).
-1494
Let g(j) = j**3 - 428*j**2 - 529*j + 42902. Calculate g(429).
2
Let h(m) = 23250*m - 162614. What is h(7)?
136
Let x(f) = -543*f - 22247. Give x(-41).
16
Let p(n) = 86706*n - 346821. Give p(4).
3
Let c(u) = -5426*u + 80. Determine c(0).
80
Let a(q) = -3107526*q + 9322583. What is a(3)?
5
Let k(g) = 61*g**2 - 9257*g + 193312. Calculate k(25).
12
Let u(c) = c**2 + 204*c + 9565. Calculate u(-73).
2
Let r(y) = y**3 + 31*y**2 - 396*y + 567. Give r(-41).
-7
Let a(h) = h**3 + 31*h**2 + 70*h + 1958. Give a(-31).
-212
Let f(d) = 19*d**3 + 229*d**2 + 16*d + 49. Calculate f(-12).
1
Let n(x) = -17*x**3 + 11*x**2 + 16*x - 15. What is n(4)?
-863
Let v(s) = -166*s**3 + 11*s**2 - 272*s + 504. Calculate v(2).
-1324
Let h(z) = 41*z**2 + 483*z - 1979. What is h(4)?
609
Let x(d) = d**3 + 28*d**2 - 146*d + 1918. Calculate x(-34).
-54
Let z(r) = -2*r**2 + 539*r + 43101. What is z(334)?
15
Let s(m) = -149*m + 478. What is s(5)?
-267
Let q(l) = 26*l**3 + 11*l**2 - 871*l + 1728. Calculate q(2).
238
Let s(v) = 464*v + 70065. What is s(-150)?
465
Let l(a) = -a**2 + 25*a + 2324. What is l(65)?
-276
Let j(w) = -10373*w**2 - 31151*w - 70. What is j(-3)?
26
Let h(w) = w**3 - 89*w**2 + 189*w - 1304. Determine h(87).
1
Let v(w) = -2*w**3 - 156*w**2 - 79*w - 6165. Give v(-78).
-3
Let c(z) = 410*z + 1851. Determine c(-4).
211
Let a(m) = 1934*m - 203067. Calculate a(105).
3
Let r(i) = 143*i**3 - 69*i**2 + 23*i - 83. Determine r(4).
8057
Let p(w) = w**2 - 880*w + 177534. Give p(313).
63
Let s(u) = -8202*u + 213246. Calculate s(26).
-6
Let a(h) = h**3 - 7*h**2 + 597*h - 4845. What is a(8)?
-5
Let k(h) = -2*h**2 + 982*h - 17948. What is k(19)?
-12
Let a(y) = -y**3 - 34*y**2 - 136*y - 402. Determine a(-30).
78
Let q(c) = -4*c**3 + 43*c**2 + 53293*c - 586096. Calculate q(11).
6
Let j(h) = 13967*h - 1494492. Give j(107).
-23
Let z(t) = -69*t**2 - 349*t - 22. Give z(-5).
-2
Let d(v) = -v**3 + 274*v**2 - 542*v + 4. Give d(2).
8
Let j(r) = -2220*r + 117482. Determine j(53).
-178
Let y(d) = 2*d**3 + 39*d**2 + 5*d + 41. What is y(-17)?
1401
Let z(w) = -17*w**2 - 221*w - 627. Determine z(-6).
87
Let o(i) = 4*i**2 - 627*i + 16265. Calculate o(124).
21
Let q(a) = a**3 - 406*a**2 - 1577*a + 107. Determine q(-4).
-145
Let i(p) = -3628*p + 656678. Give i(181).
10
Let w(f) = -110*f - 1547. Give w(-15).
103
Let p(l) = 56*l - 2460. Calculate p(29).
-836
Let b(s) = 695*s**2 + 21*s. What is b(-1)?
674
Let w(x) = -193372*x - 2707226. Give w(-14).
-18
Let o(r) = 2346*r - 5935. What is o(3)?
1103
Let j(v) = -100005*v + 6700338. What is j(67)?
3
Let i(m) = -110*m**2 - 1403*m + 380. Determine i(-13).
29
Let p(v) = -2*v**3 - 46*v**2 - 155*v - 83. Determine p(-19).
-26
Let r(q) = -4265*q + 17692. Give r(4).
632
Let h(r) = 2*r**3 - 118*r**2 + 306*r - 11. Give h(56).
-1691
Let i(z) = 351*z**2 - 555*z + 555. What is i(1)?
351
Let u(s) = 6*s**2 + 4039*s + 240429. Determine u(-66).
-9
Let l(m) = -505*m - 8410. What is l(-17)?
175
Let h(k) = 12*k + 457. Determine h(-70).
-383
Let g(i) = -35655*i - 142618. Determine g(-4).
2
Let c(a) = a**3 - 30*a**2 - 476*a - 784. Give c(-10).
-24
Let w(h) = 4*h**3 - 43*h**2 - 8009*h + 72640. Give w(9).
-8
Let q(h) = -18442*h + 42. Calculate q(0).
42
Let c(q) = -484730*q - 12118258. Determine c(-25).
-8
Let b(y) = -y**2 + 29*y + 15027. What is b(-117)?
-2055
Let m(u) = 